{"id":4401,"date":"2016-04-27T14:05:18","date_gmt":"2016-04-27T12:05:18","guid":{"rendered":"https:\/\/flautadepico.consev.es\/wp-content\/uploads\/2014\/06\/Sevilla-recorder-class-2016.jpg"},"modified":"2016-04-27T14:05:18","modified_gmt":"2016-04-27T12:05:18","slug":"sevilla-recorder-class-2016-2","status":"inherit","type":"attachment","link":"https:\/\/flautadepico.consev.es\/en\/recorder-class-of-the-superior-conservatory-of-music-in-sevilla\/sevilla-recorder-class-2016-2\/","title":{"rendered":"Clase de flauta del conservatorio de Sevilla: Juan M. Ill\u00e1n, Alejandra F. Sanz, Olga Rod\u00f3n, Marta Barrag\u00e1n, In\u00e9s Pina, Daniel Riquelme, Arcelia S\u00e1ez y Vicente Parrilla"},"author":13,"featured_media":0,"comment_status":"open","ping_status":"closed","template":"","meta":{"jetpack_post_was_ever_published":false},"class_list":["post-4401","attachment","type-attachment","status-inherit","hentry"],"jetpack_sharing_enabled":true,"jetpack_shortlink":"https:\/\/wp.me\/a21e89-18Z","description":{"rendered":"<p class=\"attachment\"><a href=\"https:\/\/i0.wp.com\/flautadepico.consev.es\/wp-content\/uploads\/2014\/06\/Sevilla-recorder-class-2016.jpg?ssl=1\"><img loading=\"lazy\" decoding=\"async\" width=\"300\" height=\"200\" src=\"https:\/\/i0.wp.com\/flautadepico.consev.es\/wp-content\/uploads\/2014\/06\/Sevilla-recorder-class-2016.jpg?fit=300%2C200&amp;ssl=1\" class=\"attachment-medium size-medium\" alt=\"\" srcset=\"https:\/\/i0.wp.com\/flautadepico.consev.es\/wp-content\/uploads\/2014\/06\/Sevilla-recorder-class-2016.jpg?w=1500&amp;ssl=1 1500w, https:\/\/i0.wp.com\/flautadepico.consev.es\/wp-content\/uploads\/2014\/06\/Sevilla-recorder-class-2016.jpg?resize=300%2C200&amp;ssl=1 300w, https:\/\/i0.wp.com\/flautadepico.consev.es\/wp-content\/uploads\/2014\/06\/Sevilla-recorder-class-2016.jpg?resize=768%2C512&amp;ssl=1 768w, https:\/\/i0.wp.com\/flautadepico.consev.es\/wp-content\/uploads\/2014\/06\/Sevilla-recorder-class-2016.jpg?resize=1024%2C683&amp;ssl=1 1024w, https:\/\/i0.wp.com\/flautadepico.consev.es\/wp-content\/uploads\/2014\/06\/Sevilla-recorder-class-2016.jpg?resize=450%2C300&amp;ssl=1 450w, https:\/\/i0.wp.com\/flautadepico.consev.es\/wp-content\/uploads\/2014\/06\/Sevilla-recorder-class-2016.jpg?w=1168&amp;ssl=1 1168w\" sizes=\"auto, (max-width: 300px) 100vw, 300px\" data-attachment-id=\"4401\" data-permalink=\"https:\/\/flautadepico.consev.es\/en\/recorder-class-of-the-superior-conservatory-of-music-in-sevilla\/sevilla-recorder-class-2016-2\/\" data-orig-file=\"https:\/\/i0.wp.com\/flautadepico.consev.es\/wp-content\/uploads\/2014\/06\/Sevilla-recorder-class-2016.jpg?fit=1500%2C1000&amp;ssl=1\" data-orig-size=\"1500,1000\" data-comments-opened=\"1\" data-image-meta=\"{&quot;aperture&quot;:&quot;8&quot;,&quot;credit&quot;:&quot;David Fdez.Vico&quot;,&quot;camera&quot;:&quot;Canon EOS 6D&quot;,&quot;caption&quot;:&quot;&quot;,&quot;created_timestamp&quot;:&quot;1461352853&quot;,&quot;copyright&quot;:&quot;&quot;,&quot;focal_length&quot;:&quot;24&quot;,&quot;iso&quot;:&quot;4000&quot;,&quot;shutter_speed&quot;:&quot;0.01&quot;,&quot;title&quot;:&quot;&quot;,&quot;orientation&quot;:&quot;1&quot;}\" data-image-title=\"Clase de flauta del conservatorio de Sevilla: Juan M. Ill\u00e1n, Alejandra F. Sanz, Olga Rod\u00f3n, Marta Barrag\u00e1n, In\u00e9s Pina, Daniel Riquelme, Arcelia S\u00e1ez y Vicente Parrilla\" data-image-description=\"\" data-image-caption=\"&lt;p&gt;Clase de flauta del conservatorio de Sevilla: Juan M. Ill\u00e1n, Alejandra F. Sanz, Olga Rod\u00f3n, Marta Barrag\u00e1n, In\u00e9s Pina, Daniel Riquelme, Arcelia S\u00e1ez y Vicente Parrilla&lt;\/p&gt;\n\" data-large-file=\"https:\/\/i0.wp.com\/flautadepico.consev.es\/wp-content\/uploads\/2014\/06\/Sevilla-recorder-class-2016.jpg?fit=584%2C390&amp;ssl=1\" \/><\/a><\/p>\n\n<div class=\"twitter-share\"><a href=\"https:\/\/twitter.com\/intent\/tweet?via=fpconsev\" class=\"twitter-share-button\">Tweet<\/a><\/div>\n"},"caption":{"rendered":"<p>Clase de flauta del conservatorio de Sevilla: Juan M. Ill\u00e1n, Alejandra F. Sanz, Olga Rod\u00f3n, Marta Barrag\u00e1n, In\u00e9s Pina, Daniel Riquelme, Arcelia S\u00e1ez y Vicente Parrilla <a href=\"https:\/\/flautadepico.consev.es\/en\/recorder-class-of-the-superior-conservatory-of-music-in-sevilla\/sevilla-recorder-class-2016-2\/\">Continue reading <span class=\"meta-nav\">&rarr;<\/span><\/a><\/p>\n"},"alt_text":"","media_type":"image","mime_type":"image\/jpeg","media_details":{"width":1500,"height":1000,"file":"2014\/06\/Sevilla-recorder-class-2016.jpg","sizes":{"thumbnail":{"file":"Sevilla-recorder-class-2016-150x150.jpg","width":150,"height":150,"mime_type":"image\/jpeg","source_url":"https:\/\/i0.wp.com\/flautadepico.consev.es\/wp-content\/uploads\/2014\/06\/Sevilla-recorder-class-2016.jpg?resize=150%2C150&ssl=1"},"medium":{"file":"Sevilla-recorder-class-2016-300x200.jpg","width":300,"height":200,"mime_type":"image\/jpeg","source_url":"https:\/\/i0.wp.com\/flautadepico.consev.es\/wp-content\/uploads\/2014\/06\/Sevilla-recorder-class-2016.jpg?fit=300%2C200&ssl=1"},"medium_large":{"file":"Sevilla-recorder-class-2016-768x512.jpg","width":768,"height":512,"mime_type":"image\/jpeg","source_url":"https:\/\/i0.wp.com\/flautadepico.consev.es\/wp-content\/uploads\/2014\/06\/Sevilla-recorder-class-2016.jpg?fit=584%2C389&ssl=1"},"large":{"file":"Sevilla-recorder-class-2016-1024x683.jpg","width":1024,"height":683,"mime_type":"image\/jpeg","source_url":"https:\/\/i0.wp.com\/flautadepico.consev.es\/wp-content\/uploads\/2014\/06\/Sevilla-recorder-class-2016.jpg?fit=584%2C390&ssl=1"},"post-thumbnail":{"file":"Sevilla-recorder-class-2016-1000x288.jpg","width":1000,"height":288,"mime_type":"image\/jpeg","source_url":"https:\/\/i0.wp.com\/flautadepico.consev.es\/wp-content\/uploads\/2014\/06\/Sevilla-recorder-class-2016.jpg?resize=1000%2C288&ssl=1"},"large-feature":{"file":"Sevilla-recorder-class-2016-1000x288.jpg","width":1000,"height":288,"mime_type":"image\/jpeg","source_url":"https:\/\/i0.wp.com\/flautadepico.consev.es\/wp-content\/uploads\/2014\/06\/Sevilla-recorder-class-2016.jpg?resize=1000%2C288&ssl=1"},"small-feature":{"file":"Sevilla-recorder-class-2016-450x300.jpg","width":450,"height":300,"mime_type":"image\/jpeg","source_url":"https:\/\/i0.wp.com\/flautadepico.consev.es\/wp-content\/uploads\/2014\/06\/Sevilla-recorder-class-2016.jpg?fit=450%2C300&ssl=1"},"jetpack-portfolio-admin-thumb":{"file":"Sevilla-recorder-class-2016-50x50.jpg","width":50,"height":50,"mime_type":"image\/jpeg","source_url":"https:\/\/i0.wp.com\/flautadepico.consev.es\/wp-content\/uploads\/2014\/06\/Sevilla-recorder-class-2016.jpg?resize=50%2C50&ssl=1"},"full":{"file":"Sevilla-recorder-class-2016.jpg?fit=1500%2C1000&ssl=1","width":1500,"height":1000,"mime_type":"image\/jpeg","source_url":"https:\/\/i0.wp.com\/flautadepico.consev.es\/wp-content\/uploads\/2014\/06\/Sevilla-recorder-class-2016.jpg?fit=1500%2C1000&ssl=1"}},"image_meta":{"aperture":"8","credit":"David Fdez.Vico","camera":"Canon EOS 6D","caption":"","created_timestamp":"1461352853","copyright":"","focal_length":"24","iso":"4000","shutter_speed":"0.01","title":"","orientation":"1","keywords":[]}},"post":2414,"source_url":"https:\/\/flautadepico.consev.es\/wp-content\/uploads\/2014\/06\/Sevilla-recorder-class-2016.jpg","_links":{"self":[{"href":"https:\/\/flautadepico.consev.es\/en\/wp-json\/wp\/v2\/media\/4401","targetHints":{"allow":["GET"]}}],"collection":[{"href":"https:\/\/flautadepico.consev.es\/en\/wp-json\/wp\/v2\/media"}],"about":[{"href":"https:\/\/flautadepico.consev.es\/en\/wp-json\/wp\/v2\/types\/attachment"}],"author":[{"embeddable":true,"href":"https:\/\/flautadepico.consev.es\/en\/wp-json\/wp\/v2\/users\/13"}],"replies":[{"embeddable":true,"href":"https:\/\/flautadepico.consev.es\/en\/wp-json\/wp\/v2\/comments?post=4401"}],"wp:attached-to":[{"embeddable":true,"post_type":"page","id":2414,"href":"https:\/\/flautadepico.consev.es\/en\/wp-json\/wp\/v2\/pages\/2414"}],"curies":[{"name":"wp","href":"https:\/\/api.w.org\/{rel}","templated":true}]}}

Clase de flauta del conservatorio de Sevilla: Juan M. Illán, Alejandra F. Sanz, Olga Rodón, Marta Barragán, Inés Pina, Daniel Riquelme, Arcelia Sáez y Vicente Parrilla

<p class="attachment"><a href="https://i0.wp.com/flautadepico.consev.es/wp-content/uploads/2014/06/Sevilla-recorder-class-2016.jpg?ssl=1"><img loading="lazy" decoding="async" width="300" height="200" src="https://i0.wp.com/flautadepico.consev.es/wp-content/uploads/2014/06/Sevilla-recorder-class-2016.jpg?fit=300%2C200&amp;ssl=1" class="attachment-medium size-medium" alt="" srcset="https://i0.wp.com/flautadepico.consev.es/wp-content/uploads/2014/06/Sevilla-recorder-class-2016.jpg?w=1500&amp;ssl=1 1500w, https://i0.wp.com/flautadepico.consev.es/wp-content/uploads/2014/06/Sevilla-recorder-class-2016.jpg?resize=300%2C200&amp;ssl=1 300w, https://i0.wp.com/flautadepico.consev.es/wp-content/uploads/2014/06/Sevilla-recorder-class-2016.jpg?resize=768%2C512&amp;ssl=1 768w, https://i0.wp.com/flautadepico.consev.es/wp-content/uploads/2014/06/Sevilla-recorder-class-2016.jpg?resize=1024%2C683&amp;ssl=1 1024w, https://i0.wp.com/flautadepico.consev.es/wp-content/uploads/2014/06/Sevilla-recorder-class-2016.jpg?resize=450%2C300&amp;ssl=1 450w, https://i0.wp.com/flautadepico.consev.es/wp-content/uploads/2014/06/Sevilla-recorder-class-2016.jpg?w=1168&amp;ssl=1 1168w" sizes="auto, (max-width: 300px) 100vw, 300px" data-attachment-id="4401" data-permalink="https://flautadepico.consev.es/en/recorder-class-of-the-superior-conservatory-of-music-in-sevilla/sevilla-recorder-class-2016-2/" data-orig-file="https://i0.wp.com/flautadepico.consev.es/wp-content/uploads/2014/06/Sevilla-recorder-class-2016.jpg?fit=1500%2C1000&amp;ssl=1" data-orig-size="1500,1000" data-comments-opened="1" data-image-meta="{&quot;aperture&quot;:&quot;8&quot;,&quot;credit&quot;:&quot;David Fdez.Vico&quot;,&quot;camera&quot;:&quot;Canon EOS 6D&quot;,&quot;caption&quot;:&quot;&quot;,&quot;created_timestamp&quot;:&quot;1461352853&quot;,&quot;copyright&quot;:&quot;&quot;,&quot;focal_length&quot;:&quot;24&quot;,&quot;iso&quot;:&quot;4000&quot;,&quot;shutter_speed&quot;:&quot;0.01&quot;,&quot;title&quot;:&quot;&quot;,&quot;orientation&quot;:&quot;1&quot;}" data-image-title="Clase de flauta del conservatorio de Sevilla: Juan M. Illán, Alejandra F. Sanz, Olga Rodón, Marta Barragán, Inés Pina, Daniel Riquelme, Arcelia Sáez y Vicente Parrilla" data-image-description="" data-image-caption="&lt;p&gt;Clase de flauta del conservatorio de Sevilla: Juan M. Illán, Alejandra F. Sanz, Olga Rodón, Marta Barragán, Inés Pina, Daniel Riquelme, Arcelia Sáez y Vicente Parrilla&lt;/p&gt;
" data-large-file="https://i0.wp.com/flautadepico.consev.es/wp-content/uploads/2014/06/Sevilla-recorder-class-2016.jpg?fit=584%2C390&amp;ssl=1" /></a></p>

<div class="twitter-share"><a href="https://twitter.com/intent/tweet?via=fpconsev" class="twitter-share-button">Tweet</a></div>

<p>Clase de flauta del conservatorio de Sevilla: Juan M. Illán, Alejandra F. Sanz, Olga Rodón, Marta Barragán, Inés Pina, Daniel Riquelme, Arcelia Sáez y Vicente Parrilla <a href="https://flautadepico.consev.es/en/recorder-class-of-the-superior-conservatory-of-music-in-sevilla/sevilla-recorder-class-2016-2/">Continue reading <span class="meta-nav">&rarr;</span></a></p>
